(a) = 285*a + a**3 - 7*a**2 + 307*a + 26*a**2 - 613*a - 37. Calculate y(-20).
-17
Let q(n) = n - 23. Suppose 0 = -2*r + 5*l + 32, -448*r + 447*r = -2*l - 18. Calculate q(r).
3
Let g(k) = -k**2 - 6*k - 2. Let c(d) = d**2 + 9*d + 7. Let n be c(-9). Suppose 2*r = n*r - 160. Suppose 20 = -3*b + m, -5*b = -m - m + r. Determine g(b).
-18
Let r(j) = j**3 + 3*j**2 + 5*j - 4. Suppose 5 = 12*h - 17*h - 4*p, 0 = 2*h + 2*p. Calculate r(h).
-79
Suppose p = 2*u - 24, 75 = 5*u + p + 4*p. Let w(c) = c**2 - 14*c - 2. Determine w(u).
-15
Suppose -74 = 5*t + 16. Let x be (138/t + 2)/(1/(-3)). Suppose -z = -y - 5, 4*z - 2*y - y - x = 0. Let p(m) = -m**3 + m**2 - m - 2. Give p(z).
-8
Let m = -7 - -14. Let z = -3 + m. Let u(t) = -5*t**3 - 3*t**2 - t + 11. Let g(h) = -6*h**3 - 3*h**2 + 12. Let a(b) = -6*g(b) + 7*u(b). Determine a(z).
-7
Let v(d) = -d**2 - 41*d - 284. Let k = -12446 - -12414. Determine v(k).
4
Let u(r) = -14*r + 190. Let i(d) = 7*d - 96. Let g(p) = -9*i(p) - 4*u(p). Give g(15).
-1
Let v(x) = -5 - 2*x + 0*x + 2. Let h(p) = 4*p**2 + 9*p + 29. Let q be h(-4). Let r = q - 59. Determine v(r).
1
Let d(l) = l**3 + 28*l**2 - 34*l + 92. Let c be d(-29). Suppose -6*j - 279 = -c. Let q(t) = -2*t**2 + 0*t - 6*t**2 - 7*t - t**3 - 1. Give q(j).
-1
Let n(l) be the second derivative of l**5/20 - l**4/12 + l**3/2 - l**2/2 - 32*l - 2. Let g(h) = h**3 + 16*h**2 + 27*h - 12. Let k be g(-14). Determine n(k).
9
Let c(j) = j**2 - 92 + 0*j**2 + 19497492*j - 19497519*j. Give c(30).
-2
Let f(k) be the second derivative of k**4/12 - 2*k**3/3 - 5*k**2/2 - 2*k. Let b be 3 - (1 + 3 + 0). Let p(y) = -2*y**2 - 7*y - 1. Let o be p(b). Determine f(o).
-5
Let y(w) = -w**2 + 327*w + 4420. Let v be y(-13). Let f(s) = -s + 18. Calculate f(v).
18
Let n = -11615 - -11605. Let j(p) = -p - 17. Determine j(n).
-7
Let k(g) = -g**2 + 8*g - 4. Let b(u) = -7. Let p(n) = -10. Let i(w) = 7*b(w) - 5*p(w). Let c(v) = 5*i(v) + k(v). Calculate c(8).
1
Let h(f) = f**3 - 4*f**2 - 6*f + 6. Suppose -5*p = -342 + 247. Suppose -2*l + 13 = -y, -y + 3*y = -5*l + p. Give h(l).
1
Let v(q) = q**2 - q. Let b be -28*(2 - 22/8). Let t be 11/(-55) + b/5. Suppose 43*j - 41*j + t = 0. What is v(j)?
6
Suppose -6*c - 23*c + 261 = 0. Let k(x) = -x**3 + 8*x**2 + 12*x - 30. Let g be k(c). Let y(s) = 2*s**2 + 6*s - 2. Give y(g).
-2
Let o(w) be the third derivative of 0 - 5/6*w**3 + 1/60*w**5 + 1/6*w**4 + 205*w**2 + 0*w. What is o(-3)?
-8
Let x(a) = 8*a + 264. Suppose 18*i + 2661 - 2049 = 0. Calculate x(i).
-8
Let p(a) = a**3 + 9*a**2 + 11*a + 16. Let k be 13 - 126*20/120. What is p(k)?
-8
Let o(u) = -u**2 + 1 + 2*u**2 - 6*u - 5 + 9. Let b be -42*(3/4 + 385/(-420)). What is o(b)?
12
Let q(m) be the second derivative of m**5/10 - m**4/12 + m**3/2 - 7*m**2/2 - 14*m. Let k be q(2). Let c(w) = 42*w - 78*w + 37*w - k. Give c(0).
-11
Let f(x) be the first derivative of 1/2*x**2 + 11 + 7*x + 1/4*x**4 + 0*x**3. Give f(0).
7
Suppose 0 = 2*b + 5*m + 2, 0 = 185*b - 186*b - 2*m. Let d(s) = -s**3 + 3*s**2 + 4*s + 6. Give d(b).
6
Let r be (0 - (-2 - 2))*162/216. Suppose -2*o + 3*x + 9 = -7, 0 = -5*o + r*x + 31. Let m(w) = w**3 - 6*w**2 + 7*w + 2. What is m(o)?
12
Let n(j) = 2*j. Suppose 104*b - 2175 = 13*b + 5833. Let q(z) = -19*z - 2. Let s be q(-5). Let v = s - b. Give n(v).
10
Let o(r) = -399*r + 404*r - 1 - 2. Let i = -11 + 7. Let y = i - -9. Give o(y).
22
Let l(a) be the third derivative of -7*a**4/12 - 83*a**3/3 - 441*a**2 + 1. Calculate l(-13).
16
Let u = -13 - -18. Let v = 13 - u. Let g(t) = 11*t**2 + 40*t + 38. Let y(w) = 7*w**2 + 24*w + 25. Let r(s) = -5*g(s) + 8*y(s). What is r(v)?
10
Suppose 2*t - 4*t + 3*g - 16 = 0, 4*t + 4*g = 8. Let q = 0 + 3. Let a(p) = -3 + 2 + 3 - p - q. What is a(t)?
1
Let h(l) = 7 - 3*l + 2*l - 16. Let m = 2 + -5. Let w be (m - 1 - -3)*8. Calculate h(w).
-1
Let g(f) = 10*f + 3. Let o(n) = 49*n + 23. Let d(k) = -4*g(k) + o(k). What is d(-2)?
-7
Let n(p) = -2*p**2 + 15 - 63515*p + 0*p**2 + 63494*p. What is n(-11)?
4
Let d(x) = -x**3 + 7*x**2 - 13*x + 5. Let t = 6397 - 6394. What is d(t)?
2
Let m be (3 + 0)/((-3)/(-4)). Let i(f) = -f**3 + f**2 - f. Let k = 502 - 499. Let l(y) = 2*y**3 - y**2 + 8*y - 6. Let d(c) = k*i(c) + l(c). Determine d(m).
-18
Let z(w) = -5 + 3*w - 351*w**2 - w**3 + 146*w**2 + 212*w**2. Determine z(7).
16
Let b(x) = x - 1. Suppose -5*r + 0*a = -a - 1, -a = -4. Let s be -10 + r - (-1 - 4). Give b(s).
-5
Let n = -33 + 70. Suppose -x + n = 35. Let m(u) = 5*u + 3 - 43*u**2 + 44*u**x + 2*u + u. What is m(-3)?
-12
Let m be (-7*6/(-126))/(3/36). Suppose 5*l - 7 = m*u, u - 7*l = -10*l + 11. Let a(p) = -4*p + 1. Determine a(u).
-7
Let m be (4/12 + -2)*3. Let d(r) = -r**3 - 19*r**2 + 18*r - 35. Let u be d(-20). Let t(s) = u*s**2 - s**3 + 2 + 2*s**3 - 3 + 0*s**3. What is t(m)?
-1
Suppose 4*d + 7 = -100*n + 105*n, 4*d - 2*n - 14 = 0. Let h(z) = -z**3 + 6*z**2 + 8*z + 13. Give h(d).
20
Suppose -5*q + 2*d = -2, -30 = 27*d - 22*d. Let m(t) = -8*t + 34*t + 0*t. What is m(q)?
-52
Let p(o) = o**3 + 5*o**2 + 3*o - 3. Let v(u) = -u**2 - 6*u + 7. Let s be v(-5). Suppose -s*x - 22 = 14. Let l be p(x). Let j(g) = 3*g - 11. Determine j(l).
7
Let u be (-2)/(-3)*-12*45/(-72). Let x(j) = 2*j - 3 + u + 3*j + 4. Suppose 3*i + m + 12 = 0, -4*m = i + 1 + 3. Determine x(i).
-14
Let y(w) = 4*w**2 - 54*w - 18. Let p(i) = 6*i**2 - 13*i - 1. Let u be p(3). What is y(u)?
10
Let y(b) = 7*b**2 + 2*b - 2. Suppose -3*l = 4*p - 2*l + 13, 8 = -3*p + l. Let m(u) = 16*u**2 + 4*u - 4. Let w(h) = p*m(h) + 7*y(h). What is w(2)?
6
Let x(l) = 11*l**2 - 20*l - 106. Let m(n) = -52*n**2 + 99*n + 515. Let d(p) = -4*m(p) - 19*x(p). Calculate d(-8).
18
Let q(v) = 8 + 7*v - 33*v + 6*v + 3*v + 18*v. Suppose -3*r + 12 = 45. Give q(r).
-3
Let o(h) = 2*h**2 + 39*h - 110. Let q be o(-22). Suppose 16*d - 5*d - 66 = q. Let j(b) = -b**2 + 5*b - 3. Give j(d).
-9
Let q = 6 + -3. Let h(m) = 0 + 3*m**2 + 1249*m + 3*m**3 - 2518*m + 1265*m - 4*m**3 + 0 + 3. What is h(q)?
-9
Let p(x) = x**3 + 8*x**2 - x + 1. Suppose 203 = -2*m - 5*o + 28, -5*m - 400 = 5*o. Let j = m + 67. Determine p(j).
9
Let m(t) = 13*t - 31. Suppose -11083*z = -11062*z - 105. Give m(z).
34
Let c(h) = h**3 - 8*h**2 - 7*h - 7. Let t(q) be the second derivative of q**5/20 - q**4/3 - 13*q**3/6 + 15*q**2/2 - 29*q. Let w be t(6). Give c(w).
11
Let s(m) = -m**3 - 25*m**2 + 4*m + 90. Let v(r) = r**2 - 66*r + 1000. Let q be v(25). Calculate s(q).
-10
Suppose 6*z + 32 = 8*z. Suppose 0 = 8*m - 0*m - z. Let b(h) = -2*h - 3 - h**2 + 0*h**2 + m + 4. Determine b(-4).
-5
Let y be (0 + 0 - -4)*8/(-16). Let a = y + 13. Let n(i) = i**3 - 12*i**2 + 11*i - 3. Let u be n(a). Let k(r) = -6*r - 2. What is k(u)?
16
Let m(r) = 908 + 856 - 2614 + 906 - 14*r. Calculate m(4).
0
Let k be 8 + 1 - (148 + -129). Let r(q) be the first derivative of -q**2/2 - q + 7. What is r(k)?
9
Let a(f) be the second derivative of f**5/20 + 5*f**4/6 - 3*f**3/2 + 11*f**2/2 + 565*f. Calculate a(-10).
101
Suppose 16 = 7*l - 3*l + 4*c, -2*l - 4*c = -4. Suppose -9 = 3*a, 4*n - 3*n = -3*a - l. Let p(i) = -2*i**2 - 2 - 3 + 4*i + 1. Determine p(n).
-10
Let w(r) be the second derivative of r**3/3 - 61*r**2/2 - 8853*r. Calculate w(17).
-27
Suppose 22 - 144 = 2*o. Let t = -58 - o. Let w(x) = 2*x**2 - 17 + 13 - x**t + 3*x**2. Determine w(5).
-4
Let w(d) = -d**3 + 11*d**2 - 16*d - 21. Let t = 31 - 22. Let j be w(t). Let y(c) = -3*c. Calculate y(j).
9
Suppose -3*b + 9*z - 8*z + 38 = 0, 23 = 2*b - z. Let n(u) = 2*u - 63. Calculate n(b).
-33
Let i(k) = -125*k - 504. Let z be i(-4). Let c(p) = p + 3. Let b(g) = g + 2. Let d(j) = -3*b(j) + 4*c(j). Determine d(z).
2
Let v(c) = 3*c**2 - 40*c - 43. Suppose -8*f + 89*f + 236*f = 4121. Determine v(f).
-56
Let u(p) be the first derivative of -p**2/2 + 6*p + 15. Let h be u(5). Let o(l) be the first derivative of -3*l**3 + l + 11. Calculate o(h).
-8
Let s(l) be the third derivative of 7*l**5/20 + l**4/8 - l**3/3 - 5*l**2 + 21*l - 1. Determine s(-2).
76
Let b(r) be the second derivative of -r**4/12 - 2*r**3 + 28*r**2 - 5559*r. Give b(-13).
43
Let b(c) = 4*c**3 - c**2 + 2*c - 11. Let o(k) = -9*k**3 + 3*k**2 - 5*k + 26. Let u(x) = -7*b(x) - 3*o(x). Determine u(-3).
5
Let o(w) = w - 13. Let c(g) be the third derivative of 1/24*g**4 - 2*g**2 - 7/6*g**3 + 0 + 0*g. Let l(a) = -7*c(a) + 4*o(a). Determine l(-3).
